luate -1 + -2 - (186 - 150).
-39
Evaluate (-21 + 38 - 7) + (-3 - (-3 - -42 - 4)).
-28
Evaluate (-22 - -22) + 9 + 2 - (-29 + (10 - 5)).
35
Calculate 81 + 6 + (1 - 1 - (16 + -11)) - 0.
82
Calculate -7 + 73 + 4 + (-125 - -116).
61
What is the value of (62 - -2) + 3 + 1 + 2 - (1088 + -1079)?
61
Evaluate 46 + (33 - 36) + -18.
25
Evaluate (-64 - 0) + 9 + -36 + -17 + 46.
-62
What is 9 + -2 - (-27 + (-22 - (-9 + -18)))?
29
(-44 - (-36 + -12)) + -6
-2
(2 - (-11 + -2)) + (2585 - 2613)
-13
What is (48 - (66 + 9)) + (-5 - -24)?
-8
1135 + -1045 - (123 + -3)
-30
Calculate 36 - (-9 + 52) - 51.
-58
-122 + 106 - (-10 - -1)
-7
What is the value of -20 + (-3 - 12) - -22 - -14?
1
-72 - -92 - (37 + -2) - -41
26
What is the value of (-18 - (43 - 58)) + (-2 - (40 + -3))?
-42
What is the value of 26 - (12 + (76 + -71 - (4 - (1 + -4))))?
16
Calculate 162 - 175 - (-39 + 9).
17
31 + (-10 - 14 - -21 - -20)
48
What is the value of 51 + -104 + 55 - 53?
-51
What is the value of -24 + 18 + 81 - 13?
62
Evaluate 73 - (-38 + 73 + 3).
35
What is the value of 22 + 1 + -16 + 30 + -35 + 10?
12
Calculate (-87 - (-43 + 18)) + -2 - -24.
-40
-143 + 165 + (-2 + 6 - -17)
43
Calculate 134 + -278 + 229 + 8.
93
Evaluate (5 - 91 - -132) + -4 + -1.
41
What is (-154 + 120 - (-57 - 0)) + -133?
-110
What is (-82 - (91 + -123)) + -1 + 0 + -6?
-57
Evaluate (-32 + -27 - -57) + (2 - -3 - 41).
-38
What is (16 - (28 - 44 - (-13 + 1))) + 1 + -8?
13
Evaluate (11 - (-8 + -4)) + -24 + 6 + 1 + -46.
-40
Evaluate (-1 + 20 - ((21 - 12) + 0)) + (-13 - -5).
2
Calculate 0 + 74 + 31 + (14 - (-36 + 22) - 48).
85
Calculate -78 + 1 + (616 - 567).
-28
Evaluate (-7 - 1 - (11 - (5 + 15))) + 31 + -55.
-23
What is the value of (-26 - -1) + (-6 + 53 - 16) + -20?
-14
Calculate (17 + 19 - 21 - 4) + -62.
-51
1 + -2 + -65 - (229 - (268 + -35))
-62
Calculate -8 - (22 + -10) - -42 - 87.
-65
-8 + 40 - ((-12 - (14 + -18)) + 0)
40
(-54 - -1) + 12 + -11 + (-87 - -101)
-38
Calculate -24 + 2 + -5 + 0 + 14 - 51.
-64
Evaluate -12 + 3 + -4 - (-103 + -20 - -76).
34
Calculate 33 + -34 - -9 - (-68 + -2 - -1).
77
What is -104 + -29 + (74 - 69)?
-128
Calculate (-1 - -28) + -26 - (-29 + -48).
78
Calculate 12 + -6 + 54 + 4 - (49 - 20 - 21).
56
Calculate (36 - (36 - -37)) + 81.
44
Evaluate -13 + (139 - (7 + 11) - 19) + -9.
80
What is the value of 21 - 42 - (-3 + -88 + 4 + -14)?
80
Calculate 15 + -46 - (202 + -197 + -9 + 1 + 1).
-29
What is 64 - (27 - (13 - (2 + -3)))?
51
(2 - 3) + 49 + -12
36
Evaluate (-8 - -2 - -1) + 17 + -15 + (-20 - -20).
-3
Calculate 1 + 1 - 38 - ((93 - 114) + 27).
-42
What is 2 - ((7 - 0) + (-13 - (20 - 10 - 12)))?
6
33 - (1 + -25 - -37 - -113)
-93
5 + 10 + -44 + -4 + 43
10
What is the value of 86 - (47 - (-16 - 20))?
3
Calculate -34 - (62 + -104) - (-1 + (0 - 8 - -3)).
14
Calculate -462 + 454 - ((-5 - -36) + -5).
-34
Calculate -93 + 49 - (-5 + 10 + 0 - 17).
-32
-16 - (-19 + -2) - -35
40
Calculate -70 + (1 - 4) + 0 + (17 - (15 - 13)).
-58
23 + -6 - -16 - (24 + -1)
10
Calculate -15 + 56 + (-3 - (9 - 25)).
54
What is 29 + (4 + -26 - -4) + -13?
-2
(-46 - (-105 - -66)) + -3
-10
What is the value of (14 - (27 + -15)) + -11 + 58?
49
What is the value of 35 - 56 - (23 + (13 - 22))?
-35
Calculate (131 + (16 - 7) - (-11 - -12)) + (-4 - 11).
124
What is 85 + (85 - 139) - 54?
-23
Evaluate -6 + 46 - (13 - (-10 + 1)).
18
Calculate -17 - (-121 + 104 - (-20 + -1)).
-21
What is the value of (0 + -2 - 10) + (19 - 51) + 46 - 109?
-107
What is 129 - (86 + 23) - (-8 + 0)?
28
Calculate -331 - -542 - 343 - (2 + -24 + 1).
-111
Evaluate (-117 - (142 - 266)) + 1 + 18 + 2.
28
What is -88 + 12 - -66 - -39?
29
Calculate -1323 - -1333 - (-4 + 1).
13
What is (-17 - (-72 + 109)) + -10?
-64
What is (1 - 54) + (451 - 421)?
-23
Evaluate 15 + (-34 - (-27 + -32)) + 27.
67
What is 14 - ((-5 - 32) + 22) - 119?
-90
Calculate 41 + 53 + 3 + -122.
-25
-632 - -670 - (21 - 0)
17
What is the value of 17 + (31 + -43 - 6)?
-1
Calculate 10357 - 10344 - (-11 + (1 - 0)).
23
-5 + 20 + 56 - -7
78
Evaluate 82 + -74 - (0 - -5) - (11 + -8 + 40).
-40
What is -54 + -47 + 97 + 4 + 27 + -2?
25
Calculate 4 + 4 + (-3 - -20 - -23 - 12).
36
What is -91 + 111 + -49 + (3 + 0 - 19)?
-45
Calculate -3288 + 3289 - (0 - 37).
38
What is the value of 3 - (-1 - (-5 + 0) - 7 - (34 - 74))?
-34
Evaluate 4 + (-2 - 1) - -5 - (1607 + -1693).
92
What is the value of -47 + -31 + (-55 - (38 + -78))?
-93
What is -9 + -16 + (12 - 6) + 27?
8
What is the value of -5 + (-89 - (41 - 125)) + 85 + 0?
75
Evaluate 10 + (-4 + (13 - 5) - -6) + 60.
80
What is 0 + -70 + -2433 + 2496?
-7
What is the value of 61 - (11 - (-16 - 3))?
31
What is (-270 + 98 - -106) + 43?
-23
What is (-191 - (-34 - 6)) + 50 - -42?
-59
Calculate 3 - (-28 + 14 + (23 - 9 - 19)).
22
-9 - (-76 + 225 - 112 - (1 + (1 - 1)))
-45
What is the value of 320 + -337 + (13 - (3 - 5 - -3))?
-5
-4 - (-15 + -5) - (54 + -11) - -10
-17
What is the value of (25 - 1) + (-60 - -91 - 87)?
-32
-1 + 23 - ((2 - -1) + 72 + -75)
22
Evaluate -9 - (34 - (-26 + 59)).
-10
47 - (-52 - -28 - -119) - (5 - 0)
-53
What is 23 - 38 - (-53 + (-1 - 2 - -1))?
40
What is -6 + 3 + 0 - (573 + -590)?
14
What is -6 + (4 + (-7 + -17 - -23) - 52)?
-55
What is the value of 38 - (-2 - ((12 - (0 + 7)) + 2))?
47
What is the value of -17 - -13 - -14 - 33 - -58?
35
What is 10 + ((-4 - -3 - 5) + -50 + 47 - 7)?
-6
Calculate 5 + (8 - (19 - 11)) - (64 + -36).
-23
What is the value of -1 - -7 - (-40 + (73 - 33)) - (-14 + 119)?
-99
What is the value of -50 + 2 + 60 + -13 + -1 + 1?
-1
301 - 689 - -233 - (0 + -17 - 0)
-138
What is the value of 1453 + -1485 - (-59 + 3)?
24
What is the value of -26 - ((8 + 14 - 18) + -6)?
-24
What is 12 + (25 - 26) - (43 - (1 - 2))?
-33
What is the value of -110 + (-85 - (-51 - 106))?
-38
Evaluate -57 + (25 - -41) - (-1 - 17) - 1.
26
What is the value of -33 - (-76 + 5 + 40) - (-94 - -1)?
91
Calculate (15 - 1) + -128 + (70 - -126).
82
Evaluate (1 - 12) + (27 - -43) + -66 + -8.
-15
-110 + 101 - (6 - 24 - -1)
8
What is -1 + (5 - 0) + (32 - (27 + -14) - 7)?
16
Evaluate 1636 + -1724 - (-36 + 3).
-55
Evaluate -193 + 56 + 134 - (2 + 2).
-7
What is -11 - (-9 + 14) - (-84 - -172)?
-104
What is (-490 - -423) + (14 + 0 - 3) + -15?
-71
Calculate -39 + (-4 - (-4 - -6 - (28 - 23))).
-40
What is (-16 - -9) + (-11 - 0) + 13 - (-44 - 0)?
39
Evaluate 56 + -18 + -61 + 9.
-14
93 - ((9 - 14 - -28) + -6 + -7)
83
What is the value of 32 - (54 + -46) - 4?
20
Calculate -88 - -53 - (-22 + 8) - -44.
23
57 + -33 + -9 + 18 + 1
34
Evaluate 15 - (107 + -73 + 48).
-67
-1 - (0 - 1) - ((-174 - -213) + -90)
51
What is (-38 + -1 - (-27 - -29) - 7) + (-21 - -14)?
-55
-5084 - -5103 - (2 - 1 - 2)
20
Evaluate 0 - (4 + -9 + 5 + -6 + -6).
12
Calculate 1 + (10 - (11 - 39)) - -32.
71
Evaluate -17 - 2 - ((60 - 88) + 9).
0
What is the value of 85 + 31 + 9 + -74?
51
Evaluate (9 - 6 - 1) + (3 - (9 + -5)).
1
What is (0 - ((-2 - 113) + 1)) + -2 + 3979 + -3990?
101
What is 1 + -13 + (-13 - (9 - 45))?
11
What is -93 + -2 - -39 - -24?
-32
Calculate -82 + 38 + 18 + -15.
-41
What is -6446 - -6481 - (-1 - -4)?
32
35 + -29 + 2 + (-22 - -5)
-9
What is the value of -7 + 0 + 22 + (-1 - 21) + (-53 - -45)?
-15
What is -11 - ((11 - 44) + 20 - -30)?
-28
What is the value of -23 - (31 + -74) - (-1 - (-1 + 0))?
20
Calculate (193 - 214) + 46 + -1.
24
What is -12 + (22 + (-53 - -22) - (-23 + -4)) + -15?
-9
Calculate 56 + -119 - 73 - -75.
-61
Calculate (16 + -115 - -46) + 85.
32
Evaluate -2 + (-29 - -2) + -3717 + 3740.
-6
What is 655 + -671 + (-18 - -7 - (1 + -3))?
-25
Evaluate (13 - -20 - 10) + -75 + 132.
80
What is 86 + -137 + (1 - 3) + 6 - -2 - 9?
-54
What is the value of -94 - (24 - (-5 - -15) - (6 - -9))?
-93
Calculate -57 - ((5 - (-7 + 5)) + -200 + 191).
-55
Evaluate 0 + 20 + -33 - (0 - 59 - (10 - 6)).
50
Evaluate (34 - 1) + 539 + -581 - 80.
-89
Calculate 5 + 1 - ((-82 - -1) + 23 + -67 + 34).
97
Calculate 5 + -7 + 14 + (5 - (7 - (-10 - -5))).
5
What is 0 + (-24 - -9) + 11 + 1 + -2?
-5
What is the value of -84 - ((-61 - (-4 + -22)) + 14)?
-63
What is (61 - (-12 + 17)) + -7 + -16 + 16?
49
What is the value of (-5 - -92) + -16 + -18?
53
Evaluate 17 + (57 - (13 + 94)).
-33
Evaluate -58 - (-40 + 7 - (-53 - -9)).
-69
1500 + -1508 - (-2 + 1 + -70)
63
What is the value of 9 + (-34 - 2 - -3) + 12 - (-41 - -8)?
21
(0 - -51) + ((65 - -2) 